+ 2*z = 34. Let l(t) = t**3 + 5*t**2 - 5*t + 5. Calculate l(f).
-1
Let u(p) = p**3 - 9*p**2 + p - 5. Let h be u(9). Let v(y) = y. Let m(r) = -2*r. Let f(d) = h*v(d) + 3*m(d). Calculate f(-1).
2
Let j(q) = 3*q**2 - 4 + 6*q**2 - 6*q + 1 - 3*q**2 - q**3. Let l(f) = -f - 2. Let m be 1/(-3) + 40/(-6). Let c be l(m). Calculate j(c).
-8
Let u be -1 + (-2 - (1 - 1)). Let o be 9 - (-2 - 1)/u. Let l(j) = j + 7 + 11 - o. Give l(-5).
5
Suppose 0*w = -w + 2. Let x(i) = w*i + 3*i**3 + 5 + 4*i**3 - i**2 - i - 6*i**3. Give x(0).
5
Let a(c) = 2*c - 1. Suppose 13 = -f - 5*u, -f + 17 = -4*u - u. Let l be (-2)/(-2) + (f - 1). Suppose -l*r + 1 = 7. Determine a(r).
-7
Suppose 4*b = 4*r - 3 - 1, 3*r - 5 = 2*b. Let n(x) = 2*x + b*x - 8*x + x**2. Let k = -4 - -8. What is n(k)?
0
Let f(r) = -8*r**2 - 2*r - 1. Let j be 8/(-6) + (-2)/(-6). Determine f(j).
-7
Let p(a) = -2*a**3 + 4*a**2 - 4*a - 2. Let g(j) = -j**3 + 2*j**2 - 2*j - 1. Let r(i) = -5*g(i) + 3*p(i). Calculate r(2).
-5
Let l(m) = m - 4. Let b be l(6). Suppose -b*i - 2*f = -8, 3*i + 3 = -4*f + 10. Let a(r) = -2 + 1 - i*r**2 + 2*r + 10*r**2. Calculate a(-2).
-1
Let p(k) = k - 4. Suppose 7*n = 4*n - 9. Let j(x) = 2*x - 5. Let g(h) = n*p(h) + 2*j(h). What is g(5)?
7
Let n(o) = 3*o**2 - 3*o - 18. Let d(c) = c**2 - c - 1. Let p(r) = -4*d(r) + n(r). Calculate p(0).
-14
Let c(x) be the first derivative of -x**3/3 - 5*x**2/2 + 2*x - 12. Give c(-8).
-22
Let q(y) = -y**2 + y + 3. Let m(a) = a**3 - 6*a**2 - 2. Let s be m(6). Let f be ((-9)/(-6))/((-1)/s). Calculate q(f).
-3
Let n(p) = 3*p - 10. Let k(u) = 5*u - 15. Let c(o) = -5*k(o) + 8*n(o). Suppose 9*t - 24 = 3*t. Give c(t).
-9
Let a(m) be the third derivative of -m**2 + 0*m + 7/6*m**3 + 0 + 1/24*m**4. Give a(-5).
2
Let n(x) = 10*x - 1. Let r(t) = 22*t - 2. Let c(s) = -9*n(s) + 4*r(s). Suppose -5*q - w = -21, -q + 0*w + 5*w = -25. Determine c(q).
-9
Let z = -10 - -6. Let s(k) = k**3 + k**2 - k + 1. Let a(t) = 2*t**3 + 4*t**2 - 7*t - 5. Let v be (-15)/9 + 2/3. Let x(j) = v*s(j) + a(j). Calculate x(z).
2
Let n(i) = i**2 - 17*i - 36. Let y be n(19). Let k(z) be the third derivative of 1/6*z**4 + 0 - 2*z**y + 0*z + 1/6*z**3. Give k(-2).
-7
Let j(y) = 5*y. Suppose 2*k + 2*k = 4. Let q be j(k). Let o(r) = -r**3 + 6*r**2 - 5*r. What is o(q)?
0
Let u(g) = 9 - 7*g - 3*g + 4*g. Let w(i) = -i + 1. Let y(t) = -u(t) + 5*w(t). Calculate y(-3).
-7
Let m(a) = a**3 - 5*a**2 - 3. Suppose 0 = -2*g - 2*l + 12, -2*g = -l - 4 - 5. Determine m(g).
-3
Let p(q) be the first derivative of -q**4/4 + 4*q**3/3 + 5*q + 12. Give p(4).
5
Let a be (-4)/(-18) - 235/45. Let w(d) = -d**3 - 5*d**2 + 2. Give w(a).
2
Let r be (-2)/(-9) + 4/(-18). Let f(y) be the first derivative of y**3/6 - 4*y**2 + 11*y - 9. Let l(b) be the first derivative of f(b). What is l(r)?
-8
Suppose -v = -5*a - 5*v + 11, 0 = -3*a + 5*v + 14. Let g(n) = -n**3 + 3*n**2 - 4*n + 2. Determine g(a).
-10
Let c be (-2 - 5/(-2))*-2. Let t(z) = -3*z**3 - z**2 - 2*z - 1. What is t(c)?
3
Let a(o) be the third derivative of -o**5/60 + 5*o**4/24 - o**3/6 + 5*o**2. Give a(5).
-1
Let i = 8 + -5. Let l(d) = 8*d - 6*d**2 + d**3 + 3 - i*d + 0*d. Calculate l(5).
3
Let n(b) = -b**2 + 5*b + 7. Let y be n(6). Let f be (y - (-1 + 0))*-2. Let k(u) = -u**2 - 4*u - 3. Calculate k(f).
-3
Let c(d) = -6*d**3 - d**2 + d + 15. Let o(r) = 5*r**3 + r**2 - r - 14. Let q(p) = 4*c(p) + 5*o(p). Give q(0).
-10
Let w(s) = -10*s**3 - s**2 + 1. Let o = 218 + -217. Give w(o).
-10
Let j(m) = 2*m - 1. Let w(u) = -u. Let f(t) = -4*j(t) - 6*w(t). Let l = 5 - 8. Give f(l).
10
Let m = -76 - -82. Let n(o) = 2*o - 3. What is n(m)?
9
Let y(j) be the second derivative of j**5/20 + j**4/4 - 2*j**3/3 + 2*j**2 - 13*j. Give y(-4).
4
Let u = 0 + 0. Let y(h) = -17 + 6 + 6 - h + 2 - h**2. Calculate y(u).
-3
Let g be 1/4*(-168)/(-14). Let q(m) = -7*m. Give q(g).
-21
Let h = -5 - -7. Let z(x) be the first derivative of x**4/4 - 2*x**3/3 + x**2/2 + x - 90. What is z(h)?
3
Let j(o) = -1 + 5 - o + 0. Determine j(6).
-2
Let a(g) be the first derivative of g**2 + 7*g + 1. Let w = -27 + 22. Calculate a(w).
-3
Let x(u) = u**3 - 4*u**2 + u - 3. Let m be x(4). Let y(o) = -o**3 - 8*o**2 - o - 7. Let n(s) = -s**2. Let z(w) = m*y(w) - 3*n(w). Determine z(-5).
-2
Suppose s = 2*y + 8, -2*s + 4*y = -s - 10. Suppose 0 = -o - s + 7. Let l(p) be the second derivative of p**3/2 - p**2/2 - p. Give l(o).
2
Suppose -4*h = 4*z - h - 5, 3*h = -3. Let n(q) = -3*q + z*q + 2*q - 3. Give n(5).
2
Let o(z) = 4*z**2 - 2*z. Let b be o(1). Let j(g) = -2*g**3 + 3*g**2 - 2*g + 3. Give j(b).
-5
Let k(u) = u - 15 - 2*u + 13. What is k(-5)?
3
Let c(d) = 8 + 5 - 27 + d + 7. Determine c(0).
-7
Let v(o) = 2*o - 6. Suppose -j = -4*n + 24, -4*n + n + 4*j + 18 = 0. Give v(n).
6
Let j(k) = -2*k**2 + k - 3. Let r(h) = 2*h**2 - 2*h + 4. Suppose v + 28 = -0*v + 5*y, 5*v = 4*y - 35. Let i(g) = v*j(g) - 2*r(g). Calculate i(-2).
7
Let x(i) = i - 4. Suppose c - 4*b + 19 = 0, c - 4*c = -3*b + 21. Suppose r = 2*w + 8, r - 2*r - 4*w - 16 = 0. Let t = r - c. Determine x(t).
-1
Suppose 5*g - 5*h - 48 = -3, 4*g = -4*h + 4. Suppose -g*f = 5*y + 25, -2*f - f + 3*y + 3 = 0. Let k(m) = -m**2 - m + 2. Determine k(f).
0
Suppose 4 = 2*c + i, 0*c + i = 5*c - 17. Suppose f - c = 0, -r + f = -0*f + 7. Let h(z) be the second derivative of z**3/6 + 3*z**2 - 4*z. What is h(r)?
2
Let o(x) be the third derivative of x**8/10080 - x**7/2520 - x**6/240 - x**5/30 + 3*x**2. Let h(y) be the third derivative of o(y). What is h(-2)?
9
Let y be 0 - (-1 + 1) - -2. Let u(m) = 2*m - m - 2*m + 2*m - y. What is u(1)?
-1
Let w(i) = -i**3 - i**2 + 4*i + 1. Let l(t) = 2*t**3 + t**2 - 8*t - 2. Let h(m) = -4*l(m) - 7*w(m). What is h(4)?
1
Let r(j) = -j**3 + 5*j**2 - 1. Let k = -1 - -6. Calculate r(k).
-1
Let c(q) = -q**3 - 5*q**2 - 2*q - 3. Let m be c(-4). Let a(k) = k**3 + 10*k**2 - 10*k + 16. What is a(m)?
5
Let a be 44/10 - (-2)/(-5). Let p(k) be the first derivative of -k**3/3 + 3*k**2/2 - k - 1. Let n(u) be the first derivative of p(u). Calculate n(a).
-5
Let z(b) be the second derivative of 1/2*b**3 - b + 0 + 5/2*b**2. Let x = 0 - 4. Give z(x).
-7
Let q(a) = -2*a. Let m(t) = -t - 4. Let p be m(-3). Let r be q(p). Let j(f) = 2*f**2 - 3*f + 1. Give j(r).
3
Let z(t) be the first derivative of -t**4/4 - 7*t**3/3 - 9*t**2/2 - 5*t - 13. Give z(-6).
13
Let a(t) = t - 2. Let v be a(6). Let r(m) be the first derivative of -m**4/4 + 5*m**3/3 - 5*m**2/2 + 5*m + 5. What is r(v)?
1
Let m(o) be the first derivative of 4*o**3/3 + o + 32. Give m(1).
5
Let u(c) = c - 1. Suppose 4*o + 34 = 2*w, 6*w - 3*o - 78 = w. Let h = w + -14. Determine u(h).
0
Let s(m) = -2*m - 1. Let y(n) = 11*n - 5. Let a(c) = -5*s(c) - y(c). Calculate a(7).
3
Let o(y) = y - 1. Let v = -6 + 11. Let w = 7 - v. Let u = 1 + w. What is o(u)?
2
Let g(n) be the first derivative of 1/4*n**4 + 5/2*n**2 - 2 + 4/3*n**3 + 3*n. Give g(-3).
-3
Let c(q) = 67*q - 2 - 63*q - 4. Give c(5).
14
Let o(v) = -2*v - 3. Suppose 0*m - 2*m + 2*a = 16, -2 = -m - a. Calculate o(m).
3
Let n(h) = -h - 1. Suppose -s = 4*s - 10. Suppose -3*m = -0*m - t - 8, -27 = -s*m + 5*t. Let r(k) = 9*k**2 - 4*k - 5. Let a(d) = m*r(d) - 4*n(d). What is a(-1)?
8
Let c(j) = -1. Let d(z) = -z**3 + 7*z**2 - 6*z - 6. Let r(k) = 5*c(k) - d(k). What is r(6)?
1
Let f(h) = h**2 - 5*h + 2. Let i be (-1 + 2)*24/6. Determine f(i).
-2
Let w(n) = n**3 - 11*n**2. Let u be w(11). Let q(p) be the third derivative of 1/3*p**3 + 3*p**2 + 0*p + u - 1/12*p**4. Give q(3).
-4
Suppose 5*u + 3*b = -4 + 2, -3*u + 3*b + 18 = 0. Suppose 0 = -f + u*f - 5. Let s(k) = 2. Let w(g) = g - 6. Let v(q) = 4*s(q) + 2*w(q). Calculate v(f).
6
Let k(a) = -7*a**3 - a - 6. Let w(n) = -15*n**3 - 2*n - 13. Let c(y) = -y**3 - 4*y**2 + 5*y + 6. Let i be c(-5). Let h(p) = i*w(p) - 13*k(p). Give h(0).
0
Let d(t) = -3 + 1 + 2*t + 2 - 4. Let u be (15/12)/((-2)/(-8)). Calculate d(u).
6
Let z(w) be the first derivative of -w**5/20 - w**4/4 - w**3/6 - w**2/2 + 3*w + 2. Let p(d) be the first derivative of z(d). Determine p(-3).
2
Let i(y) = 7*y**3 + 2*y**2 - 5*y - 4. Let s(r) = -7*r**3 - r**2 + 4*r + 3. Let m(x) = 3*i(x) + 4*s(x). Calculate m(-1).
8
Let q(h) = 4 - 7 - 1 - h - 1. What is q(-7)?
2
Let y(a) = -a**3 + 11*a**2 + a + 6. Let w be y(11). Suppose 5 = 2*x + w. Let q(u) = u**3 + 6*u**2 - 3. Give q(x).
-3
Let 